{"id":1352,"date":"2021-01-28T20:06:14","date_gmt":"2021-01-29T01:06:14","guid":{"rendered":"https:\/\/laroupille.com\/editions\/?post_type=product&#038;p=1352"},"modified":"2022-04-18T12:32:02","modified_gmt":"2022-04-18T17:32:02","slug":"un-journal-de-bord-a-lire-et-remplir","status":"publish","type":"product","link":"https:\/\/laroupille.com\/editions\/product\/un-journal-de-bord-a-lire-et-remplir\/","title":{"rendered":"Les d\u00e9fis et les r\u00e9ussites de&#8230; Zachary Petit"},"content":{"rendered":"<p>IL COMPREND AUSSI :<br \/>\n7 D\u00c9FIS \u00e0 travailler pendant 7 SEMAINES<br \/>\n7 \u00c9VALUATIONS \u00e0 faire par semaine<br \/>\n21 FA\u00c7ONS de r\u00e9compenser tes bons coups<\/p>\n<p>CHOISIS tes d\u00e9fis<br \/>\nC\u00c9L\u00c8BRE tes r\u00e9ussites<\/p>\n","protected":false},"excerpt":{"rendered":"<p>Collection Mioche<br \/>\nAutrice :<a href=\"https:\/\/laroupille.com\/editions\/auteurs\/#caroline-larochelle\"> Caroline Larochelle<\/a><br \/>\nTome 8<\/p>\n<p>Un journal de bord \u00e0 LIRE et REMPLIR<\/p>\n<p>\u00catre organis\u00e9 \u00e0 la maison, concentr\u00e9 \u00e0 l\u2019\u00e9cole, tol\u00e9rant et patient avec tes amis, c\u2019est possible : gr\u00e2ce \u00e0 ton journal de bord!<\/p>\n<p>TON JOURNAL DE BORD COMPREND :<br \/>\n7 HISTOIRES INSPIRANTES racont\u00e9es par\u2026 Zachary<br \/>\n7 D\u00c9FIS MOTIVANTS choisis par\u2026 Zachary<br \/>\n21 TRUCS et ASTUCES propos\u00e9s par\u2026 Zachary<\/p>\n<p>IL COMPREND AUSSI :<br \/>\n7 D\u00c9FIS \u00e0 travailler pendant 7 SEMAINES<br \/>\n7 \u00c9VALUATIONS \u00e0 faire par semaine<br \/>\n21 FA\u00c7ONS de r\u00e9compenser tes bons coups<\/p>\n<p>CHOISIS tes d\u00e9fis<br \/>\nC\u00c9L\u00c8BRE tes r\u00e9ussites<\/p>\n","protected":false},"featured_media":1480,"comment_status":"closed","ping_status":"closed","template":"","meta":[],"product_brand":[],"product_cat":[60,62,49],"product_tag":[72,171],"class_list":{"0":"post-1352","1":"product","2":"type-product","3":"status-publish","4":"has-post-thumbnail","6":"product_cat-jeunesse","7":"product_cat-jeunesse-5-8-ans","8":"product_cat-tous-les-livres","9":"product_tag-caroline-larochelle","10":"product_tag-les-defis-et-les-reussites-de-zachary-petit","11":"product_shipping_class-forfait","13":"first","14":"instock","15":"taxable","16":"shipping-taxable","17":"purchasable","18":"product-type-simple"},"yoast_head":"<!-- This site is optimized with the Yoast SEO plugin v27.4 - https:\/\/yoast.com\/product\/yoast-seo-wordpress\/ -->\n<title>Les d\u00e9fis et les r\u00e9ussites de... Zachary Petit - \u00c9ditions La Roupille, service d&#039;\u00e9dition<\/title>\n<meta name=\"description\" content=\"Les d\u00e9fis et les r\u00e9ussites de ....Zachary Petit\" \/>\n<meta name=\"robots\" content=\"index, follow, max-snippet:-1, max-image-preview:large, max-video-preview:-1\" \/>\n<link rel=\"canonical\" href=\"https:\/\/laroupille.com\/editions\/product\/un-journal-de-bord-a-lire-et-remplir\/\" \/>\n<meta property=\"og:locale\" content=\"fr_FR\" \/>\n<meta property=\"og:type\" content=\"article\" \/>\n<meta property=\"og:title\" content=\"Les d\u00e9fis et les r\u00e9ussites de... Zachary Petit - \u00c9ditions La Roupille, service d&#039;\u00e9dition\" \/>\n<meta property=\"og:description\" content=\"Les d\u00e9fis et les r\u00e9ussites de ....Zachary Petit\" \/>\n<meta property=\"og:url\" content=\"https:\/\/laroupille.com\/editions\/product\/un-journal-de-bord-a-lire-et-remplir\/\" \/>\n<meta property=\"og:site_name\" content=\"\u00c9ditions La Roupille, service d&#039;\u00e9dition\" \/>\n<meta property=\"article:publisher\" content=\"https:\/\/facebook.com\/laroupille\" \/>\n<meta property=\"article:modified_time\" content=\"2022-04-18T17:32:02+00:00\" \/>\n<meta property=\"og:image\" content=\"https:\/\/laroupille.com\/editions\/wp-content\/uploads\/2021\/01\/les-defis-reussites-zachary-petit-couvert.png\" \/>\n\t<meta property=\"og:image:width\" content=\"800\" \/>\n\t<meta property=\"og:image:height\" content=\"890\" \/>\n\t<meta property=\"og:image:type\" content=\"image\/png\" \/>\n<meta name=\"twitter:card\" content=\"summary_large_image\" \/>\n<script type=\"application\/ld+json\" class=\"yoast-schema-graph\">{\"@context\":\"https:\\\/\\\/schema.org\",\"@graph\":[{\"@type\":\"WebPage\",\"@id\":\"https:\\\/\\\/laroupille.com\\\/editions\\\/product\\\/un-journal-de-bord-a-lire-et-remplir\\\/\",\"url\":\"https:\\\/\\\/laroupille.com\\\/editions\\\/product\\\/un-journal-de-bord-a-lire-et-remplir\\\/\",\"name\":\"Les d\u00e9fis et les r\u00e9ussites de... Zachary Petit - \u00c9ditions La Roupille, service d&#039;\u00e9dition\",\"isPartOf\":{\"@id\":\"https:\\\/\\\/laroupille.com\\\/editions\\\/#website\"},\"primaryImageOfPage\":{\"@id\":\"https:\\\/\\\/laroupille.com\\\/editions\\\/product\\\/un-journal-de-bord-a-lire-et-remplir\\\/#primaryimage\"},\"image\":{\"@id\":\"https:\\\/\\\/laroupille.com\\\/editions\\\/product\\\/un-journal-de-bord-a-lire-et-remplir\\\/#primaryimage\"},\"thumbnailUrl\":\"https:\\\/\\\/laroupille.com\\\/editions\\\/wp-content\\\/uploads\\\/2021\\\/01\\\/les-defis-reussites-zachary-petit-couvert.png\",\"datePublished\":\"2021-01-29T01:06:14+00:00\",\"dateModified\":\"2022-04-18T17:32:02+00:00\",\"description\":\"Les d\u00e9fis et les r\u00e9ussites de ....Zachary Petit\",\"breadcrumb\":{\"@id\":\"https:\\\/\\\/laroupille.com\\\/editions\\\/product\\\/un-journal-de-bord-a-lire-et-remplir\\\/#breadcrumb\"},\"inLanguage\":\"fr-FR\",\"potentialAction\":[{\"@type\":\"ReadAction\",\"target\":[\"https:\\\/\\\/laroupille.com\\\/editions\\\/product\\\/un-journal-de-bord-a-lire-et-remplir\\\/\"]}]},{\"@type\":\"ImageObject\",\"inLanguage\":\"fr-FR\",\"@id\":\"https:\\\/\\\/laroupille.com\\\/editions\\\/product\\\/un-journal-de-bord-a-lire-et-remplir\\\/#primaryimage\",\"url\":\"https:\\\/\\\/laroupille.com\\\/editions\\\/wp-content\\\/uploads\\\/2021\\\/01\\\/les-defis-reussites-zachary-petit-couvert.png\",\"contentUrl\":\"https:\\\/\\\/laroupille.com\\\/editions\\\/wp-content\\\/uploads\\\/2021\\\/01\\\/les-defis-reussites-zachary-petit-couvert.png\",\"width\":800,\"height\":890,\"caption\":\"Les-defis-reussites-zacchary-tome8 de Caroline Larochelle\"},{\"@type\":\"BreadcrumbList\",\"@id\":\"https:\\\/\\\/laroupille.com\\\/editions\\\/product\\\/un-journal-de-bord-a-lire-et-remplir\\\/#breadcrumb\",\"itemListElement\":[{\"@type\":\"ListItem\",\"position\":1,\"name\":\"Accueil\",\"item\":\"https:\\\/\\\/laroupille.com\\\/editions\\\/\"},{\"@type\":\"ListItem\",\"position\":2,\"name\":\"Catalogue\",\"item\":\"https:\\\/\\\/laroupille.com\\\/editions\\\/catalogue\\\/\"},{\"@type\":\"ListItem\",\"position\":3,\"name\":\"Les d\u00e9fis et les r\u00e9ussites de&#8230; Zachary Petit\"}]},{\"@type\":\"WebSite\",\"@id\":\"https:\\\/\\\/laroupille.com\\\/editions\\\/#website\",\"url\":\"https:\\\/\\\/laroupille.com\\\/editions\\\/\",\"name\":\"\u00c9ditions La Roupille, service d&#039;\u00e9dition\",\"description\":\"La Roupille service d&#039;\u00e9ditions\",\"publisher\":{\"@id\":\"https:\\\/\\\/laroupille.com\\\/editions\\\/#organization\"},\"potentialAction\":[{\"@type\":\"SearchAction\",\"target\":{\"@type\":\"EntryPoint\",\"urlTemplate\":\"https:\\\/\\\/laroupille.com\\\/editions\\\/?s={search_term_string}\"},\"query-input\":{\"@type\":\"PropertyValueSpecification\",\"valueRequired\":true,\"valueName\":\"search_term_string\"}}],\"inLanguage\":\"fr-FR\"},{\"@type\":\"Organization\",\"@id\":\"https:\\\/\\\/laroupille.com\\\/editions\\\/#organization\",\"name\":\"La Roupille\",\"url\":\"https:\\\/\\\/laroupille.com\\\/editions\\\/\",\"logo\":{\"@type\":\"ImageObject\",\"inLanguage\":\"fr-FR\",\"@id\":\"https:\\\/\\\/laroupille.com\\\/editions\\\/#\\\/schema\\\/logo\\\/image\\\/\",\"url\":\"https:\\\/\\\/laroupille.com\\\/editions\\\/wp-content\\\/uploads\\\/2021\\\/02\\\/logo-laroupille-big.png\",\"contentUrl\":\"https:\\\/\\\/laroupille.com\\\/editions\\\/wp-content\\\/uploads\\\/2021\\\/02\\\/logo-laroupille-big.png\",\"width\":294,\"height\":130,\"caption\":\"La Roupille\"},\"image\":{\"@id\":\"https:\\\/\\\/laroupille.com\\\/editions\\\/#\\\/schema\\\/logo\\\/image\\\/\"},\"sameAs\":[\"https:\\\/\\\/facebook.com\\\/laroupille\",\"https:\\\/\\\/www.instagram.com\\\/editionslaroupille\\\/\"]}]}<\/script>\n<!-- \/ Yoast SEO plugin. -->","yoast_head_json":{"title":"Les d\u00e9fis et les r\u00e9ussites de... Zachary Petit - \u00c9ditions La Roupille, service d&#039;\u00e9dition","description":"Les d\u00e9fis et les r\u00e9ussites de ....Zachary Petit","robots":{"index":"index","follow":"follow","max-snippet":"max-snippet:-1","max-image-preview":"max-image-preview:large","max-video-preview":"max-video-preview:-1"},"canonical":"https:\/\/laroupille.com\/editions\/product\/un-journal-de-bord-a-lire-et-remplir\/","og_locale":"fr_FR","og_type":"article","og_title":"Les d\u00e9fis et les r\u00e9ussites de... Zachary Petit - \u00c9ditions La Roupille, service d&#039;\u00e9dition","og_description":"Les d\u00e9fis et les r\u00e9ussites de ....Zachary Petit","og_url":"https:\/\/laroupille.com\/editions\/product\/un-journal-de-bord-a-lire-et-remplir\/","og_site_name":"\u00c9ditions La Roupille, service d&#039;\u00e9dition","article_publisher":"https:\/\/facebook.com\/laroupille","article_modified_time":"2022-04-18T17:32:02+00:00","og_image":[{"width":800,"height":890,"url":"https:\/\/laroupille.com\/editions\/wp-content\/uploads\/2021\/01\/les-defis-reussites-zachary-petit-couvert.png","type":"image\/png"}],"twitter_card":"summary_large_image","schema":{"@context":"https:\/\/schema.org","@graph":[{"@type":"WebPage","@id":"https:\/\/laroupille.com\/editions\/product\/un-journal-de-bord-a-lire-et-remplir\/","url":"https:\/\/laroupille.com\/editions\/product\/un-journal-de-bord-a-lire-et-remplir\/","name":"Les d\u00e9fis et les r\u00e9ussites de... Zachary Petit - \u00c9ditions La Roupille, service d&#039;\u00e9dition","isPartOf":{"@id":"https:\/\/laroupille.com\/editions\/#website"},"primaryImageOfPage":{"@id":"https:\/\/laroupille.com\/editions\/product\/un-journal-de-bord-a-lire-et-remplir\/#primaryimage"},"image":{"@id":"https:\/\/laroupille.com\/editions\/product\/un-journal-de-bord-a-lire-et-remplir\/#primaryimage"},"thumbnailUrl":"https:\/\/laroupille.com\/editions\/wp-content\/uploads\/2021\/01\/les-defis-reussites-zachary-petit-couvert.png","datePublished":"2021-01-29T01:06:14+00:00","dateModified":"2022-04-18T17:32:02+00:00","description":"Les d\u00e9fis et les r\u00e9ussites de ....Zachary Petit","breadcrumb":{"@id":"https:\/\/laroupille.com\/editions\/product\/un-journal-de-bord-a-lire-et-remplir\/#breadcrumb"},"inLanguage":"fr-FR","potentialAction":[{"@type":"ReadAction","target":["https:\/\/laroupille.com\/editions\/product\/un-journal-de-bord-a-lire-et-remplir\/"]}]},{"@type":"ImageObject","inLanguage":"fr-FR","@id":"https:\/\/laroupille.com\/editions\/product\/un-journal-de-bord-a-lire-et-remplir\/#primaryimage","url":"https:\/\/laroupille.com\/editions\/wp-content\/uploads\/2021\/01\/les-defis-reussites-zachary-petit-couvert.png","contentUrl":"https:\/\/laroupille.com\/editions\/wp-content\/uploads\/2021\/01\/les-defis-reussites-zachary-petit-couvert.png","width":800,"height":890,"caption":"Les-defis-reussites-zacchary-tome8 de Caroline Larochelle"},{"@type":"BreadcrumbList","@id":"https:\/\/laroupille.com\/editions\/product\/un-journal-de-bord-a-lire-et-remplir\/#breadcrumb","itemListElement":[{"@type":"ListItem","position":1,"name":"Accueil","item":"https:\/\/laroupille.com\/editions\/"},{"@type":"ListItem","position":2,"name":"Catalogue","item":"https:\/\/laroupille.com\/editions\/catalogue\/"},{"@type":"ListItem","position":3,"name":"Les d\u00e9fis et les r\u00e9ussites de&#8230; Zachary Petit"}]},{"@type":"WebSite","@id":"https:\/\/laroupille.com\/editions\/#website","url":"https:\/\/laroupille.com\/editions\/","name":"\u00c9ditions La Roupille, service d&#039;\u00e9dition","description":"La Roupille service d&#039;\u00e9ditions","publisher":{"@id":"https:\/\/laroupille.com\/editions\/#organization"},"potentialAction":[{"@type":"SearchAction","target":{"@type":"EntryPoint","urlTemplate":"https:\/\/laroupille.com\/editions\/?s={search_term_string}"},"query-input":{"@type":"PropertyValueSpecification","valueRequired":true,"valueName":"search_term_string"}}],"inLanguage":"fr-FR"},{"@type":"Organization","@id":"https:\/\/laroupille.com\/editions\/#organization","name":"La Roupille","url":"https:\/\/laroupille.com\/editions\/","logo":{"@type":"ImageObject","inLanguage":"fr-FR","@id":"https:\/\/laroupille.com\/editions\/#\/schema\/logo\/image\/","url":"https:\/\/laroupille.com\/editions\/wp-content\/uploads\/2021\/02\/logo-laroupille-big.png","contentUrl":"https:\/\/laroupille.com\/editions\/wp-content\/uploads\/2021\/02\/logo-laroupille-big.png","width":294,"height":130,"caption":"La Roupille"},"image":{"@id":"https:\/\/laroupille.com\/editions\/#\/schema\/logo\/image\/"},"sameAs":["https:\/\/facebook.com\/laroupille","https:\/\/www.instagram.com\/editionslaroupille\/"]}]}},"jetpack_sharing_enabled":true,"_links":{"self":[{"href":"https:\/\/laroupille.com\/editions\/wp-json\/wp\/v2\/product\/1352","targetHints":{"allow":["GET"]}}],"collection":[{"href":"https:\/\/laroupille.com\/editions\/wp-json\/wp\/v2\/product"}],"about":[{"href":"https:\/\/laroupille.com\/editions\/wp-json\/wp\/v2\/types\/product"}],"replies":[{"embeddable":true,"href":"https:\/\/laroupille.com\/editions\/wp-json\/wp\/v2\/comments?post=1352"}],"wp:featuredmedia":[{"embeddable":true,"href":"https:\/\/laroupille.com\/editions\/wp-json\/wp\/v2\/media\/1480"}],"wp:attachment":[{"href":"https:\/\/laroupille.com\/editions\/wp-json\/wp\/v2\/media?parent=1352"}],"wp:term":[{"taxonomy":"product_brand","embeddable":true,"href":"https:\/\/laroupille.com\/editions\/wp-json\/wp\/v2\/product_brand?post=1352"},{"taxonomy":"product_cat","embeddable":true,"href":"https:\/\/laroupille.com\/editions\/wp-json\/wp\/v2\/product_cat?post=1352"},{"taxonomy":"product_tag","embeddable":true,"href":"https:\/\/laroupille.com\/editions\/wp-json\/wp\/v2\/product_tag?post=1352"}],"curies":[{"name":"wp","href":"https:\/\/api.w.org\/{rel}","templated":true}]}}