{"id":1375,"date":"2021-01-29T10:53:23","date_gmt":"2021-01-29T15:53:23","guid":{"rendered":"https:\/\/laroupille.com\/editions\/?post_type=product&#038;p=1375"},"modified":"2024-02-20T17:00:31","modified_gmt":"2024-02-20T22:00:31","slug":"mon-journal-demotions","status":"publish","type":"product","link":"https:\/\/laroupille.com\/editions\/product\/mon-journal-demotions\/","title":{"rendered":"MON JOURNAL D\u2019\u00c9MOTIONS"},"content":{"rendered":"<p>Au hasard de mes inspirations<\/p>\n","protected":false},"excerpt":{"rendered":"<p>Autrice : <a href=\"https:\/\/laroupille.com\/editions\/auteurs\/#caroline-larochelle\">Caroline Larochelle<\/a><\/p>\n<p>LAISSEZ le hasard vous guider vers la bonne \u00e9motion \u00e0 explorer.<\/p>\n<p>PRENEZ un moment privil\u00e9gi\u00e9 au c\u0153ur de votre \u00eatre.<\/p>\n<p>EXPRIMEZ vos \u00e9motions avec fluidit\u00e9, sans r\u00e9sistance ni jugement.<\/p>\n<p>ACCUEILLEZ vos besoins essentiels avec ouverture et compassion.<\/p>\n<p>D\u00c9COUVREZ le plaisir de vivre chaque instant en suivant votre intuition.<\/p>\n<p>\u00ab Ce journal de bord vous permettra de poser un regard compl\u00e8tement diff\u00e9rent sur vos \u00e9motions. Il sera un outil pr\u00e9cieux pour d\u00e9nouer vos ancrages du pass\u00e9 et comprendre vos besoins essentiels. Les exercices de ce livre vous guideront vers le plaisir de vivre libre, toujours de fa\u00e7on optimale et en pleine conscience. \u00bb .<\/p>\n","protected":false},"featured_media":1935,"comment_status":"open","ping_status":"closed","template":"","meta":[],"product_brand":[],"product_cat":[73,75,49],"product_tag":[72,106],"class_list":{"0":"post-1375","1":"product","2":"type-product","3":"status-publish","4":"has-post-thumbnail","6":"product_cat-adulte","7":"product_cat-developpement-personnel","8":"product_cat-tous-les-livres","9":"product_tag-caroline-larochelle","10":"product_tag-mon-journal-demotions","11":"product_shipping_class-forfait","13":"first","14":"instock","15":"featured","16":"taxable","17":"shipping-taxable","18":"purchasable","19":"product-type-simple"},"yoast_head":"<!-- This site is optimized with the Yoast SEO plugin v27.5 - https:\/\/yoast.com\/product\/yoast-seo-wordpress\/ -->\n<title>MON JOURNAL D\u2019\u00c9MOTIONS - \u00c9ditions La Roupille, service d&#039;\u00e9dition<\/title>\n<meta name=\"robots\" content=\"index, follow, max-snippet:-1, max-image-preview:large, max-video-preview:-1\" \/>\n<link rel=\"canonical\" href=\"https:\/\/laroupille.com\/editions\/product\/mon-journal-demotions\/\" \/>\n<meta property=\"og:locale\" content=\"fr_FR\" \/>\n<meta property=\"og:type\" content=\"article\" \/>\n<meta property=\"og:title\" content=\"MON JOURNAL D\u2019\u00c9MOTIONS - \u00c9ditions La Roupille, service d&#039;\u00e9dition\" \/>\n<meta property=\"og:description\" content=\"Autrice : Caroline Larochelle  LAISSEZ le hasard vous guider vers la bonne \u00e9motion \u00e0 explorer.  PRENEZ un moment privil\u00e9gi\u00e9 au c\u0153ur de votre \u00eatre.  EXPRIMEZ vos \u00e9motions avec fluidit\u00e9, sans r\u00e9sistance ni jugement.  ACCUEILLEZ vos besoins essentiels avec ouverture et compassion.  D\u00c9COUVREZ le plaisir de vivre chaque instant en suivant votre intuition.  \u00ab Ce journal de bord vous permettra de poser un regard compl\u00e8tement diff\u00e9rent sur vos \u00e9motions. Il sera un outil pr\u00e9cieux pour d\u00e9nouer vos ancrages du pass\u00e9 et comprendre vos besoins essentiels. Les exercices de ce livre vous guideront vers le plaisir de vivre libre, toujours de fa\u00e7on optimale et en pleine conscience. \u00bb .\" \/>\n<meta property=\"og:url\" content=\"https:\/\/laroupille.com\/editions\/product\/mon-journal-demotions\/\" \/>\n<meta property=\"og:site_name\" content=\"\u00c9ditions La Roupille, service d&#039;\u00e9dition\" \/>\n<meta property=\"article:publisher\" content=\"https:\/\/facebook.com\/laroupille\" \/>\n<meta property=\"article:modified_time\" content=\"2024-02-20T22:00:31+00:00\" \/>\n<meta property=\"og:image\" content=\"https:\/\/laroupille.com\/editions\/wp-content\/uploads\/2021\/01\/JOURNALEMOTIONSCOUVERT.jpg\" \/>\n\t<meta property=\"og:image:width\" content=\"300\" \/>\n\t<meta property=\"og:image:height\" content=\"342\" \/>\n\t<meta property=\"og:image:type\" content=\"image\/jpeg\" \/>\n<meta name=\"twitter:card\" content=\"summary_large_image\" \/>\n<script type=\"application\/ld+json\" class=\"yoast-schema-graph\">{\"@context\":\"https:\\\/\\\/schema.org\",\"@graph\":[{\"@type\":\"WebPage\",\"@id\":\"https:\\\/\\\/laroupille.com\\\/editions\\\/product\\\/mon-journal-demotions\\\/\",\"url\":\"https:\\\/\\\/laroupille.com\\\/editions\\\/product\\\/mon-journal-demotions\\\/\",\"name\":\"MON JOURNAL D\u2019\u00c9MOTIONS - \u00c9ditions La Roupille, service d&#039;\u00e9dition\",\"isPartOf\":{\"@id\":\"https:\\\/\\\/laroupille.com\\\/editions\\\/#website\"},\"primaryImageOfPage\":{\"@id\":\"https:\\\/\\\/laroupille.com\\\/editions\\\/product\\\/mon-journal-demotions\\\/#primaryimage\"},\"image\":{\"@id\":\"https:\\\/\\\/laroupille.com\\\/editions\\\/product\\\/mon-journal-demotions\\\/#primaryimage\"},\"thumbnailUrl\":\"https:\\\/\\\/laroupille.com\\\/editions\\\/wp-content\\\/uploads\\\/2021\\\/01\\\/JOURNALEMOTIONSCOUVERT.jpg\",\"datePublished\":\"2021-01-29T15:53:23+00:00\",\"dateModified\":\"2024-02-20T22:00:31+00:00\",\"breadcrumb\":{\"@id\":\"https:\\\/\\\/laroupille.com\\\/editions\\\/product\\\/mon-journal-demotions\\\/#breadcrumb\"},\"inLanguage\":\"fr-FR\",\"potentialAction\":[{\"@type\":\"ReadAction\",\"target\":[\"https:\\\/\\\/laroupille.com\\\/editions\\\/product\\\/mon-journal-demotions\\\/\"]}]},{\"@type\":\"ImageObject\",\"inLanguage\":\"fr-FR\",\"@id\":\"https:\\\/\\\/laroupille.com\\\/editions\\\/product\\\/mon-journal-demotions\\\/#primaryimage\",\"url\":\"https:\\\/\\\/laroupille.com\\\/editions\\\/wp-content\\\/uploads\\\/2021\\\/01\\\/JOURNALEMOTIONSCOUVERT.jpg\",\"contentUrl\":\"https:\\\/\\\/laroupille.com\\\/editions\\\/wp-content\\\/uploads\\\/2021\\\/01\\\/JOURNALEMOTIONSCOUVERT.jpg\",\"width\":300,\"height\":342},{\"@type\":\"BreadcrumbList\",\"@id\":\"https:\\\/\\\/laroupille.com\\\/editions\\\/product\\\/mon-journal-demotions\\\/#breadcrumb\",\"itemListElement\":[{\"@type\":\"ListItem\",\"position\":1,\"name\":\"Accueil\",\"item\":\"https:\\\/\\\/laroupille.com\\\/editions\\\/\"},{\"@type\":\"ListItem\",\"position\":2,\"name\":\"Catalogue\",\"item\":\"https:\\\/\\\/laroupille.com\\\/editions\\\/catalogue\\\/\"},{\"@type\":\"ListItem\",\"position\":3,\"name\":\"MON JOURNAL D\u2019\u00c9MOTIONS\"}]},{\"@type\":\"WebSite\",\"@id\":\"https:\\\/\\\/laroupille.com\\\/editions\\\/#website\",\"url\":\"https:\\\/\\\/laroupille.com\\\/editions\\\/\",\"name\":\"\u00c9ditions La Roupille, service d&#039;\u00e9dition\",\"description\":\"La Roupille service d&#039;\u00e9ditions\",\"publisher\":{\"@id\":\"https:\\\/\\\/laroupille.com\\\/editions\\\/#organization\"},\"potentialAction\":[{\"@type\":\"SearchAction\",\"target\":{\"@type\":\"EntryPoint\",\"urlTemplate\":\"https:\\\/\\\/laroupille.com\\\/editions\\\/?s={search_term_string}\"},\"query-input\":{\"@type\":\"PropertyValueSpecification\",\"valueRequired\":true,\"valueName\":\"search_term_string\"}}],\"inLanguage\":\"fr-FR\"},{\"@type\":\"Organization\",\"@id\":\"https:\\\/\\\/laroupille.com\\\/editions\\\/#organization\",\"name\":\"La Roupille\",\"url\":\"https:\\\/\\\/laroupille.com\\\/editions\\\/\",\"logo\":{\"@type\":\"ImageObject\",\"inLanguage\":\"fr-FR\",\"@id\":\"https:\\\/\\\/laroupille.com\\\/editions\\\/#\\\/schema\\\/logo\\\/image\\\/\",\"url\":\"https:\\\/\\\/laroupille.com\\\/editions\\\/wp-content\\\/uploads\\\/2021\\\/02\\\/logo-laroupille-big.png\",\"contentUrl\":\"https:\\\/\\\/laroupille.com\\\/editions\\\/wp-content\\\/uploads\\\/2021\\\/02\\\/logo-laroupille-big.png\",\"width\":294,\"height\":130,\"caption\":\"La Roupille\"},\"image\":{\"@id\":\"https:\\\/\\\/laroupille.com\\\/editions\\\/#\\\/schema\\\/logo\\\/image\\\/\"},\"sameAs\":[\"https:\\\/\\\/facebook.com\\\/laroupille\",\"https:\\\/\\\/www.instagram.com\\\/editionslaroupille\\\/\"]}]}<\/script>\n<!-- \/ Yoast SEO plugin. -->","yoast_head_json":{"title":"MON JOURNAL D\u2019\u00c9MOTIONS - \u00c9ditions La Roupille, service d&#039;\u00e9dition","robots":{"index":"index","follow":"follow","max-snippet":"max-snippet:-1","max-image-preview":"max-image-preview:large","max-video-preview":"max-video-preview:-1"},"canonical":"https:\/\/laroupille.com\/editions\/product\/mon-journal-demotions\/","og_locale":"fr_FR","og_type":"article","og_title":"MON JOURNAL D\u2019\u00c9MOTIONS - \u00c9ditions La Roupille, service d&#039;\u00e9dition","og_description":"Autrice : Caroline Larochelle  LAISSEZ le hasard vous guider vers la bonne \u00e9motion \u00e0 explorer.  PRENEZ un moment privil\u00e9gi\u00e9 au c\u0153ur de votre \u00eatre.  EXPRIMEZ vos \u00e9motions avec fluidit\u00e9, sans r\u00e9sistance ni jugement.  ACCUEILLEZ vos besoins essentiels avec ouverture et compassion.  D\u00c9COUVREZ le plaisir de vivre chaque instant en suivant votre intuition.  \u00ab Ce journal de bord vous permettra de poser un regard compl\u00e8tement diff\u00e9rent sur vos \u00e9motions. Il sera un outil pr\u00e9cieux pour d\u00e9nouer vos ancrages du pass\u00e9 et comprendre vos besoins essentiels. Les exercices de ce livre vous guideront vers le plaisir de vivre libre, toujours de fa\u00e7on optimale et en pleine conscience. \u00bb .","og_url":"https:\/\/laroupille.com\/editions\/product\/mon-journal-demotions\/","og_site_name":"\u00c9ditions La Roupille, service d&#039;\u00e9dition","article_publisher":"https:\/\/facebook.com\/laroupille","article_modified_time":"2024-02-20T22:00:31+00:00","og_image":[{"width":300,"height":342,"url":"https:\/\/laroupille.com\/editions\/wp-content\/uploads\/2021\/01\/JOURNALEMOTIONSCOUVERT.jpg","type":"image\/jpeg"}],"twitter_card":"summary_large_image","schema":{"@context":"https:\/\/schema.org","@graph":[{"@type":"WebPage","@id":"https:\/\/laroupille.com\/editions\/product\/mon-journal-demotions\/","url":"https:\/\/laroupille.com\/editions\/product\/mon-journal-demotions\/","name":"MON JOURNAL D\u2019\u00c9MOTIONS - \u00c9ditions La Roupille, service d&#039;\u00e9dition","isPartOf":{"@id":"https:\/\/laroupille.com\/editions\/#website"},"primaryImageOfPage":{"@id":"https:\/\/laroupille.com\/editions\/product\/mon-journal-demotions\/#primaryimage"},"image":{"@id":"https:\/\/laroupille.com\/editions\/product\/mon-journal-demotions\/#primaryimage"},"thumbnailUrl":"https:\/\/laroupille.com\/editions\/wp-content\/uploads\/2021\/01\/JOURNALEMOTIONSCOUVERT.jpg","datePublished":"2021-01-29T15:53:23+00:00","dateModified":"2024-02-20T22:00:31+00:00","breadcrumb":{"@id":"https:\/\/laroupille.com\/editions\/product\/mon-journal-demotions\/#breadcrumb"},"inLanguage":"fr-FR","potentialAction":[{"@type":"ReadAction","target":["https:\/\/laroupille.com\/editions\/product\/mon-journal-demotions\/"]}]},{"@type":"ImageObject","inLanguage":"fr-FR","@id":"https:\/\/laroupille.com\/editions\/product\/mon-journal-demotions\/#primaryimage","url":"https:\/\/laroupille.com\/editions\/wp-content\/uploads\/2021\/01\/JOURNALEMOTIONSCOUVERT.jpg","contentUrl":"https:\/\/laroupille.com\/editions\/wp-content\/uploads\/2021\/01\/JOURNALEMOTIONSCOUVERT.jpg","width":300,"height":342},{"@type":"BreadcrumbList","@id":"https:\/\/laroupille.com\/editions\/product\/mon-journal-demotions\/#breadcrumb","itemListElement":[{"@type":"ListItem","position":1,"name":"Accueil","item":"https:\/\/laroupille.com\/editions\/"},{"@type":"ListItem","position":2,"name":"Catalogue","item":"https:\/\/laroupille.com\/editions\/catalogue\/"},{"@type":"ListItem","position":3,"name":"MON JOURNAL D\u2019\u00c9MOTIONS"}]},{"@type":"WebSite","@id":"https:\/\/laroupille.com\/editions\/#website","url":"https:\/\/laroupille.com\/editions\/","name":"\u00c9ditions La Roupille, service d&#039;\u00e9dition","description":"La Roupille service d&#039;\u00e9ditions","publisher":{"@id":"https:\/\/laroupille.com\/editions\/#organization"},"potentialAction":[{"@type":"SearchAction","target":{"@type":"EntryPoint","urlTemplate":"https:\/\/laroupille.com\/editions\/?s={search_term_string}"},"query-input":{"@type":"PropertyValueSpecification","valueRequired":true,"valueName":"search_term_string"}}],"inLanguage":"fr-FR"},{"@type":"Organization","@id":"https:\/\/laroupille.com\/editions\/#organization","name":"La Roupille","url":"https:\/\/laroupille.com\/editions\/","logo":{"@type":"ImageObject","inLanguage":"fr-FR","@id":"https:\/\/laroupille.com\/editions\/#\/schema\/logo\/image\/","url":"https:\/\/laroupille.com\/editions\/wp-content\/uploads\/2021\/02\/logo-laroupille-big.png","contentUrl":"https:\/\/laroupille.com\/editions\/wp-content\/uploads\/2021\/02\/logo-laroupille-big.png","width":294,"height":130,"caption":"La Roupille"},"image":{"@id":"https:\/\/laroupille.com\/editions\/#\/schema\/logo\/image\/"},"sameAs":["https:\/\/facebook.com\/laroupille","https:\/\/www.instagram.com\/editionslaroupille\/"]}]}},"jetpack_sharing_enabled":true,"_links":{"self":[{"href":"https:\/\/laroupille.com\/editions\/wp-json\/wp\/v2\/product\/1375","targetHints":{"allow":["GET"]}}],"collection":[{"href":"https:\/\/laroupille.com\/editions\/wp-json\/wp\/v2\/product"}],"about":[{"href":"https:\/\/laroupille.com\/editions\/wp-json\/wp\/v2\/types\/product"}],"replies":[{"embeddable":true,"href":"https:\/\/laroupille.com\/editions\/wp-json\/wp\/v2\/comments?post=1375"}],"wp:featuredmedia":[{"embeddable":true,"href":"https:\/\/laroupille.com\/editions\/wp-json\/wp\/v2\/media\/1935"}],"wp:attachment":[{"href":"https:\/\/laroupille.com\/editions\/wp-json\/wp\/v2\/media?parent=1375"}],"wp:term":[{"taxonomy":"product_brand","embeddable":true,"href":"https:\/\/laroupille.com\/editions\/wp-json\/wp\/v2\/product_brand?post=1375"},{"taxonomy":"product_cat","embeddable":true,"href":"https:\/\/laroupille.com\/editions\/wp-json\/wp\/v2\/product_cat?post=1375"},{"taxonomy":"product_tag","embeddable":true,"href":"https:\/\/laroupille.com\/editions\/wp-json\/wp\/v2\/product_tag?post=1375"}],"curies":[{"name":"wp","href":"https:\/\/api.w.org\/{rel}","templated":true}]}}