{"id":1377,"date":"2021-01-29T11:00:46","date_gmt":"2021-01-29T16:00:46","guid":{"rendered":"https:\/\/laroupille.com\/editions\/?post_type=product&#038;p=1377"},"modified":"2024-02-20T17:00:46","modified_gmt":"2024-02-20T22:00:46","slug":"confettis-ta-vie","status":"publish","type":"product","link":"https:\/\/laroupille.com\/editions\/product\/confettis-ta-vie\/","title":{"rendered":"Confettis ta vie"},"content":{"rendered":"<p>Votre nouveau guide vers le d\u00e9ploiement de votre authenticit\u00e9 et de votre libert\u00e9 \u00e9motionnelle.<\/p>\n","protected":false},"excerpt":{"rendered":"<p>Autrice : <a href=\"https:\/\/laroupille.com\/editions\/auteurs\/#chantale-beaumont\">Chantale Beaumont<\/a><\/p>\n<div>\n<p>Choisir quel cadeau la vie nous apporte \u00e0 chaque instant : l\u00e0 est le r\u00e9el plaisir de l\u2019\u00e9panouissement spirituel. D\u00e9couvrir l\u2019existence de ce choix et l\u2019appliquer de mani\u00e8re consciente en prenant l\u2019enti\u00e8re responsabilit\u00e9 de sa r\u00e9alit\u00e9 fait de chaque humain un r\u00e9alisateur de r\u00eaves aux pouvoirs sans borne<br \/>\nComment se lib\u00e9rer des blessures du pass\u00e9 et se pardonner \u00e0 soi-m\u00eame?<\/p>\n<p>Comment d\u00e9velopper sa confiance en soi et son authenticit\u00e9 malgr\u00e9 l\u2019adversit\u00e9? Comment vivre dans le moment pr\u00e9sent et en pleine conscience? Comment changer de r\u00f4le dans l\u2019histoire de sa vie pour faire de son pr\u00e9sent une f\u00eate?<\/p>\n<p>Ayant trouv\u00e9 la r\u00e9ponse \u00e0 toutes ces questions, l\u2019auteure partage aujourd\u2019hui avec vous ses d\u00e9couvertes pour vivre le quotidien en toute s\u00e9r\u00e9nit\u00e9.<br \/>\nVotre nouveau guide vers le d\u00e9ploiement de votre authenticit\u00e9 et de votre libert\u00e9 \u00e9motionnelle.<\/p>\n<h3><\/h3>\n<\/div>\n","protected":false},"featured_media":1934,"comment_status":"open","ping_status":"closed","template":"","meta":[],"product_brand":[],"product_cat":[73,75,49],"product_tag":[108,107],"class_list":{"0":"post-1377","1":"product","2":"type-product","3":"status-publish","4":"has-post-thumbnail","6":"product_cat-adulte","7":"product_cat-developpement-personnel","8":"product_cat-tous-les-livres","9":"product_tag-chantale-beaumont","10":"product_tag-confettis-ta-vie","11":"product_shipping_class-forfait","13":"first","14":"instock","15":"taxable","16":"shipping-taxable","17":"purchasable","18":"product-type-simple"},"yoast_head":"<!-- This site is optimized with the Yoast SEO plugin v27.5 - https:\/\/yoast.com\/product\/yoast-seo-wordpress\/ -->\n<title>Confettis ta vie - \u00c9ditions La Roupille, service d&#039;\u00e9dition<\/title>\n<meta name=\"robots\" content=\"index, follow, max-snippet:-1, max-image-preview:large, max-video-preview:-1\" \/>\n<link rel=\"canonical\" href=\"https:\/\/laroupille.com\/editions\/product\/confettis-ta-vie\/\" \/>\n<meta property=\"og:locale\" content=\"fr_FR\" \/>\n<meta property=\"og:type\" content=\"article\" \/>\n<meta property=\"og:title\" content=\"Confettis ta vie - \u00c9ditions La Roupille, service d&#039;\u00e9dition\" \/>\n<meta property=\"og:description\" content=\"Autrice : Chantale Beaumont   Choisir quel cadeau la vie nous apporte \u00e0 chaque instant : l\u00e0 est le r\u00e9el plaisir de l\u2019\u00e9panouissement spirituel. D\u00e9couvrir l\u2019existence de ce choix et l\u2019appliquer de mani\u00e8re consciente en prenant l\u2019enti\u00e8re responsabilit\u00e9 de sa r\u00e9alit\u00e9 fait de chaque humain un r\u00e9alisateur de r\u00eaves aux pouvoirs sans borne Comment se lib\u00e9rer des blessures du pass\u00e9 et se pardonner \u00e0 soi-m\u00eame?  Comment d\u00e9velopper sa confiance en soi et son authenticit\u00e9 malgr\u00e9 l\u2019adversit\u00e9? Comment vivre dans le moment pr\u00e9sent et en pleine conscience? Comment changer de r\u00f4le dans l\u2019histoire de sa vie pour faire de son pr\u00e9sent une f\u00eate?  Ayant trouv\u00e9 la r\u00e9ponse \u00e0 toutes ces questions, l\u2019auteure partage aujourd\u2019hui avec vous ses d\u00e9couvertes pour vivre le quotidien en toute s\u00e9r\u00e9nit\u00e9. Votre nouveau guide vers le d\u00e9ploiement de votre authenticit\u00e9 et de votre libert\u00e9 \u00e9motionnelle.\" \/>\n<meta property=\"og:url\" content=\"https:\/\/laroupille.com\/editions\/product\/confettis-ta-vie\/\" \/>\n<meta property=\"og:site_name\" content=\"\u00c9ditions La Roupille, service d&#039;\u00e9dition\" \/>\n<meta property=\"article:publisher\" content=\"https:\/\/facebook.com\/laroupille\" \/>\n<meta property=\"article:modified_time\" content=\"2024-02-20T22:00:46+00:00\" \/>\n<meta property=\"og:image\" content=\"https:\/\/laroupille.com\/editions\/wp-content\/uploads\/2021\/01\/CONFETTISCOUVERT.jpg\" \/>\n\t<meta property=\"og:image:width\" content=\"800\" \/>\n\t<meta property=\"og:image:height\" content=\"890\" \/>\n\t<meta property=\"og:image:type\" content=\"image\/jpeg\" \/>\n<meta name=\"twitter:card\" content=\"summary_large_image\" \/>\n<script type=\"application\/ld+json\" class=\"yoast-schema-graph\">{\"@context\":\"https:\\\/\\\/schema.org\",\"@graph\":[{\"@type\":\"WebPage\",\"@id\":\"https:\\\/\\\/laroupille.com\\\/editions\\\/product\\\/confettis-ta-vie\\\/\",\"url\":\"https:\\\/\\\/laroupille.com\\\/editions\\\/product\\\/confettis-ta-vie\\\/\",\"name\":\"Confettis ta vie - \u00c9ditions La Roupille, service d&#039;\u00e9dition\",\"isPartOf\":{\"@id\":\"https:\\\/\\\/laroupille.com\\\/editions\\\/#website\"},\"primaryImageOfPage\":{\"@id\":\"https:\\\/\\\/laroupille.com\\\/editions\\\/product\\\/confettis-ta-vie\\\/#primaryimage\"},\"image\":{\"@id\":\"https:\\\/\\\/laroupille.com\\\/editions\\\/product\\\/confettis-ta-vie\\\/#primaryimage\"},\"thumbnailUrl\":\"https:\\\/\\\/laroupille.com\\\/editions\\\/wp-content\\\/uploads\\\/2021\\\/01\\\/CONFETTISCOUVERT.jpg\",\"datePublished\":\"2021-01-29T16:00:46+00:00\",\"dateModified\":\"2024-02-20T22:00:46+00:00\",\"breadcrumb\":{\"@id\":\"https:\\\/\\\/laroupille.com\\\/editions\\\/product\\\/confettis-ta-vie\\\/#breadcrumb\"},\"inLanguage\":\"fr-FR\",\"potentialAction\":[{\"@type\":\"ReadAction\",\"target\":[\"https:\\\/\\\/laroupille.com\\\/editions\\\/product\\\/confettis-ta-vie\\\/\"]}]},{\"@type\":\"ImageObject\",\"inLanguage\":\"fr-FR\",\"@id\":\"https:\\\/\\\/laroupille.com\\\/editions\\\/product\\\/confettis-ta-vie\\\/#primaryimage\",\"url\":\"https:\\\/\\\/laroupille.com\\\/editions\\\/wp-content\\\/uploads\\\/2021\\\/01\\\/CONFETTISCOUVERT.jpg\",\"contentUrl\":\"https:\\\/\\\/laroupille.com\\\/editions\\\/wp-content\\\/uploads\\\/2021\\\/01\\\/CONFETTISCOUVERT.jpg\",\"width\":800,\"height\":890},{\"@type\":\"BreadcrumbList\",\"@id\":\"https:\\\/\\\/laroupille.com\\\/editions\\\/product\\\/confettis-ta-vie\\\/#breadcrumb\",\"itemListElement\":[{\"@type\":\"ListItem\",\"position\":1,\"name\":\"Accueil\",\"item\":\"https:\\\/\\\/laroupille.com\\\/editions\\\/\"},{\"@type\":\"ListItem\",\"position\":2,\"name\":\"Catalogue\",\"item\":\"https:\\\/\\\/laroupille.com\\\/editions\\\/catalogue\\\/\"},{\"@type\":\"ListItem\",\"position\":3,\"name\":\"Confettis ta vie\"}]},{\"@type\":\"WebSite\",\"@id\":\"https:\\\/\\\/laroupille.com\\\/editions\\\/#website\",\"url\":\"https:\\\/\\\/laroupille.com\\\/editions\\\/\",\"name\":\"\u00c9ditions La Roupille, service d&#039;\u00e9dition\",\"description\":\"La Roupille service d&#039;\u00e9ditions\",\"publisher\":{\"@id\":\"https:\\\/\\\/laroupille.com\\\/editions\\\/#organization\"},\"potentialAction\":[{\"@type\":\"SearchAction\",\"target\":{\"@type\":\"EntryPoint\",\"urlTemplate\":\"https:\\\/\\\/laroupille.com\\\/editions\\\/?s={search_term_string}\"},\"query-input\":{\"@type\":\"PropertyValueSpecification\",\"valueRequired\":true,\"valueName\":\"search_term_string\"}}],\"inLanguage\":\"fr-FR\"},{\"@type\":\"Organization\",\"@id\":\"https:\\\/\\\/laroupille.com\\\/editions\\\/#organization\",\"name\":\"La Roupille\",\"url\":\"https:\\\/\\\/laroupille.com\\\/editions\\\/\",\"logo\":{\"@type\":\"ImageObject\",\"inLanguage\":\"fr-FR\",\"@id\":\"https:\\\/\\\/laroupille.com\\\/editions\\\/#\\\/schema\\\/logo\\\/image\\\/\",\"url\":\"https:\\\/\\\/laroupille.com\\\/editions\\\/wp-content\\\/uploads\\\/2021\\\/02\\\/logo-laroupille-big.png\",\"contentUrl\":\"https:\\\/\\\/laroupille.com\\\/editions\\\/wp-content\\\/uploads\\\/2021\\\/02\\\/logo-laroupille-big.png\",\"width\":294,\"height\":130,\"caption\":\"La Roupille\"},\"image\":{\"@id\":\"https:\\\/\\\/laroupille.com\\\/editions\\\/#\\\/schema\\\/logo\\\/image\\\/\"},\"sameAs\":[\"https:\\\/\\\/facebook.com\\\/laroupille\",\"https:\\\/\\\/www.instagram.com\\\/editionslaroupille\\\/\"]}]}<\/script>\n<!-- \/ Yoast SEO plugin. -->","yoast_head_json":{"title":"Confettis ta vie - \u00c9ditions La Roupille, service d&#039;\u00e9dition","robots":{"index":"index","follow":"follow","max-snippet":"max-snippet:-1","max-image-preview":"max-image-preview:large","max-video-preview":"max-video-preview:-1"},"canonical":"https:\/\/laroupille.com\/editions\/product\/confettis-ta-vie\/","og_locale":"fr_FR","og_type":"article","og_title":"Confettis ta vie - \u00c9ditions La Roupille, service d&#039;\u00e9dition","og_description":"Autrice : Chantale Beaumont   Choisir quel cadeau la vie nous apporte \u00e0 chaque instant : l\u00e0 est le r\u00e9el plaisir de l\u2019\u00e9panouissement spirituel. D\u00e9couvrir l\u2019existence de ce choix et l\u2019appliquer de mani\u00e8re consciente en prenant l\u2019enti\u00e8re responsabilit\u00e9 de sa r\u00e9alit\u00e9 fait de chaque humain un r\u00e9alisateur de r\u00eaves aux pouvoirs sans borne Comment se lib\u00e9rer des blessures du pass\u00e9 et se pardonner \u00e0 soi-m\u00eame?  Comment d\u00e9velopper sa confiance en soi et son authenticit\u00e9 malgr\u00e9 l\u2019adversit\u00e9? Comment vivre dans le moment pr\u00e9sent et en pleine conscience? Comment changer de r\u00f4le dans l\u2019histoire de sa vie pour faire de son pr\u00e9sent une f\u00eate?  Ayant trouv\u00e9 la r\u00e9ponse \u00e0 toutes ces questions, l\u2019auteure partage aujourd\u2019hui avec vous ses d\u00e9couvertes pour vivre le quotidien en toute s\u00e9r\u00e9nit\u00e9. Votre nouveau guide vers le d\u00e9ploiement de votre authenticit\u00e9 et de votre libert\u00e9 \u00e9motionnelle.","og_url":"https:\/\/laroupille.com\/editions\/product\/confettis-ta-vie\/","og_site_name":"\u00c9ditions La Roupille, service d&#039;\u00e9dition","article_publisher":"https:\/\/facebook.com\/laroupille","article_modified_time":"2024-02-20T22:00:46+00:00","og_image":[{"width":800,"height":890,"url":"https:\/\/laroupille.com\/editions\/wp-content\/uploads\/2021\/01\/CONFETTISCOUVERT.jpg","type":"image\/jpeg"}],"twitter_card":"summary_large_image","schema":{"@context":"https:\/\/schema.org","@graph":[{"@type":"WebPage","@id":"https:\/\/laroupille.com\/editions\/product\/confettis-ta-vie\/","url":"https:\/\/laroupille.com\/editions\/product\/confettis-ta-vie\/","name":"Confettis ta vie - \u00c9ditions La Roupille, service d&#039;\u00e9dition","isPartOf":{"@id":"https:\/\/laroupille.com\/editions\/#website"},"primaryImageOfPage":{"@id":"https:\/\/laroupille.com\/editions\/product\/confettis-ta-vie\/#primaryimage"},"image":{"@id":"https:\/\/laroupille.com\/editions\/product\/confettis-ta-vie\/#primaryimage"},"thumbnailUrl":"https:\/\/laroupille.com\/editions\/wp-content\/uploads\/2021\/01\/CONFETTISCOUVERT.jpg","datePublished":"2021-01-29T16:00:46+00:00","dateModified":"2024-02-20T22:00:46+00:00","breadcrumb":{"@id":"https:\/\/laroupille.com\/editions\/product\/confettis-ta-vie\/#breadcrumb"},"inLanguage":"fr-FR","potentialAction":[{"@type":"ReadAction","target":["https:\/\/laroupille.com\/editions\/product\/confettis-ta-vie\/"]}]},{"@type":"ImageObject","inLanguage":"fr-FR","@id":"https:\/\/laroupille.com\/editions\/product\/confettis-ta-vie\/#primaryimage","url":"https:\/\/laroupille.com\/editions\/wp-content\/uploads\/2021\/01\/CONFETTISCOUVERT.jpg","contentUrl":"https:\/\/laroupille.com\/editions\/wp-content\/uploads\/2021\/01\/CONFETTISCOUVERT.jpg","width":800,"height":890},{"@type":"BreadcrumbList","@id":"https:\/\/laroupille.com\/editions\/product\/confettis-ta-vie\/#breadcrumb","itemListElement":[{"@type":"ListItem","position":1,"name":"Accueil","item":"https:\/\/laroupille.com\/editions\/"},{"@type":"ListItem","position":2,"name":"Catalogue","item":"https:\/\/laroupille.com\/editions\/catalogue\/"},{"@type":"ListItem","position":3,"name":"Confettis ta vie"}]},{"@type":"WebSite","@id":"https:\/\/laroupille.com\/editions\/#website","url":"https:\/\/laroupille.com\/editions\/","name":"\u00c9ditions La Roupille, service d&#039;\u00e9dition","description":"La Roupille service d&#039;\u00e9ditions","publisher":{"@id":"https:\/\/laroupille.com\/editions\/#organization"},"potentialAction":[{"@type":"SearchAction","target":{"@type":"EntryPoint","urlTemplate":"https:\/\/laroupille.com\/editions\/?s={search_term_string}"},"query-input":{"@type":"PropertyValueSpecification","valueRequired":true,"valueName":"search_term_string"}}],"inLanguage":"fr-FR"},{"@type":"Organization","@id":"https:\/\/laroupille.com\/editions\/#organization","name":"La Roupille","url":"https:\/\/laroupille.com\/editions\/","logo":{"@type":"ImageObject","inLanguage":"fr-FR","@id":"https:\/\/laroupille.com\/editions\/#\/schema\/logo\/image\/","url":"https:\/\/laroupille.com\/editions\/wp-content\/uploads\/2021\/02\/logo-laroupille-big.png","contentUrl":"https:\/\/laroupille.com\/editions\/wp-content\/uploads\/2021\/02\/logo-laroupille-big.png","width":294,"height":130,"caption":"La Roupille"},"image":{"@id":"https:\/\/laroupille.com\/editions\/#\/schema\/logo\/image\/"},"sameAs":["https:\/\/facebook.com\/laroupille","https:\/\/www.instagram.com\/editionslaroupille\/"]}]}},"jetpack_sharing_enabled":true,"_links":{"self":[{"href":"https:\/\/laroupille.com\/editions\/wp-json\/wp\/v2\/product\/1377","targetHints":{"allow":["GET"]}}],"collection":[{"href":"https:\/\/laroupille.com\/editions\/wp-json\/wp\/v2\/product"}],"about":[{"href":"https:\/\/laroupille.com\/editions\/wp-json\/wp\/v2\/types\/product"}],"replies":[{"embeddable":true,"href":"https:\/\/laroupille.com\/editions\/wp-json\/wp\/v2\/comments?post=1377"}],"wp:featuredmedia":[{"embeddable":true,"href":"https:\/\/laroupille.com\/editions\/wp-json\/wp\/v2\/media\/1934"}],"wp:attachment":[{"href":"https:\/\/laroupille.com\/editions\/wp-json\/wp\/v2\/media?parent=1377"}],"wp:term":[{"taxonomy":"product_brand","embeddable":true,"href":"https:\/\/laroupille.com\/editions\/wp-json\/wp\/v2\/product_brand?post=1377"},{"taxonomy":"product_cat","embeddable":true,"href":"https:\/\/laroupille.com\/editions\/wp-json\/wp\/v2\/product_cat?post=1377"},{"taxonomy":"product_tag","embeddable":true,"href":"https:\/\/laroupille.com\/editions\/wp-json\/wp\/v2\/product_tag?post=1377"}],"curies":[{"name":"wp","href":"https:\/\/api.w.org\/{rel}","templated":true}]}}